 l be -4 + z/(9/70). What is the greatest common factor of l and 6?
6
Let j be (-5)/(5/3)*-9. Let k(f) = f**2 + 2*f - 3. Let o be k(4). Suppose r - o - j = 0. Calculate the highest common divisor of 12 and r.
12
Suppose 0 = 9*t - 4*t - 180. Suppose 0*h + 2*h = 8. Suppose h*d + 6*s - t = s, 0 = s. What is the highest common divisor of 63 and d?
9
Let c(s) = s**3 + 7*s**2 - s + 4. Let m be c(-6). Let y = m - 19. Let i = 102 - y. What is the greatest common factor of 15 and i?
15
Let p be 210 - ((-741)/152 - (-3)/(-24)). Calculate the highest common factor of 10 and p.
5
Suppose -2*u - 5*i + 432 = 0, -4*u + 205 = -4*i - 603. Let y = u + 26. Calculate the highest common factor of y and 29.
29
Suppose 0 = 2*o - 4*f - 92, -5*o = -7*f + 2*f - 225. Suppose j + 202 = 3*w - 3*j, -5*j = -2*w + 137. What is the highest common divisor of w and o?
22
Let d(h) = -6*h**3 - h**2 - 9*h - 5. Let z be d(-3). Calculate the greatest common factor of 7 and z.
7
Let r(k) = -4*k**2 + 225*k + 185. Let l be r(57). What is the greatest common divisor of 644 and l?
14
Suppose i + 3*i = 3*k + 36, 20 = -5*k. Suppose -4*m + i = -66. Calculate the greatest common divisor of 18 and m.
18
Suppose 13 - 1 = 4*p. Let a be p + -1 - (-10 - -4). What is the greatest common factor of 24 and a?
8
Let s(d) = 3*d**2 + 15*d + 48. Let a be s(-5). Calculate the highest common factor of a and 216.
24
Suppose -b - 3*l = -7, 0 = -4*b - b + 4*l + 111. Let f be (-3)/(-12) + (-9)/4. Let w be 3/f - 310/(-4). What is the greatest common factor of b and w?
19
Suppose 0 = -5*f - 10, -5*c - f = -397 + 59. Calculate the highest common divisor of c and 1972.
68
Suppose -2*h - 2540 = -5*u, 5*u + 25*h = 30*h + 2555. Calculate the highest common divisor of 11 and u.
11
Let p be 190/(-10) + (6 - 2). Let y be 134/2 + 60/p. Calculate the greatest common factor of y and 7.
7
Let o(n) = n - 9. Let t(r) = -r**3 - 7*r**2 - 10*r - 1. Let d be t(-6). Let w be o(d). Calculate the highest common divisor of w and 14.
14
Let h(v) = -12*v**3. Let q be h(-1). What is the greatest common divisor of 18 and q?
6
Suppose 620*m - 390 = 617*m. Calculate the highest common divisor of m and 110.
10
Let h(f) = -f**2 + 11*f + 1. Let i be (-4)/(-6)*(5 + 1). Let s be h(i). What is the greatest common divisor of s and 203?
29
Suppose 4*s - 2 = -q, -4*q = -2*q + 2*s + 8. Suppose k - 34 = 3*u - 11, -4*u - 12 = 0. Let j = k + q. What is the greatest common divisor of 24 and j?
8
Let x = 465 - 273. What is the highest common factor of x and 128?
64
Let s = 68 - 40. Let p(a) = a**3 + 59*a**2 - 253*a - 42. Let m be p(-63). What is the highest common factor of m and s?
7
Let w = -59 + -50. Let h = w + 208. Let y = 33 - 24. Calculate the highest common divisor of h and y.
9
Let n be 1 - (-20 - (-1 - 0)). Suppose -2*y - 12 = 2*a, -3*a + 32 = -4*y - 5*a. Let z be (-3)/(6/4)*y. Calculate the greatest common divisor of z and n.
20
Let c be (4 + (-64)/12)/(2/(-3)). Suppose c*x = 9*x - 70. Let a be 2/(-4) - 81/(-2). What is the highest common divisor of a and x?
10
Let p = -92 - -176. Let o be 11/5 - 1/5. Suppose 3*y = o*z - 21, -4 - 9 = -z - y. What is the greatest common divisor of p and z?
12
Suppose 0 = c + 4*i - 296, 5*c = 3*i - 6*i + 1429. Calculate the highest common factor of 355 and c.
71
Suppose 0 = -3*b, -b - 90 = 5*j + 2*b. Let y be 12/54 + (-32)/j. Suppose y*a + 2*a - 32 = 0. What is the greatest common divisor of a and 4?
4
Let j be 118 - 2/(-2 - -4). Suppose 3*o - 10*o + 273 = 0. Calculate the greatest common factor of j and o.
39
Let j be (30 - -2) + (0/(-3) - 2). What is the greatest common divisor of j and 705?
15
Let t be (-3)/1*24/(-1). Suppose -6*n = -15 - 3. Suppose -5*d + n*d = -16. What is the highest common divisor of d and t?
8
Let b(p) = -p**2 - p + 45. Let u be b(0). Let x = u + -28. Let l be -1*(2 - 2 - 17). What is the greatest common divisor of x and l?
17
Let b = -1162 - -1273. Calculate the greatest common divisor of 4107 and b.
111
Suppose 27 - 76 = 7*s. Let g be (-55)/s - 8/(-56). What is the greatest common divisor of g and 56?
8
Let f = -216 + 225. Let p(t) = 8*t - 10. Let w(c) = c**3 - 5*c**2 - 6*c + 8. Let s be w(6). Let d be p(s). Calculate the highest common divisor of f and d.
9
Suppose 0 = 2*b + 9*b - 187. Suppose -3*s - g = -813, -5*g + 24 = -2*s + 583. Suppose -6*u = -8*u + s. Calculate the greatest common divisor of b and u.
17
Let d(m) = -3*m - 15. Let o be d(-9). Suppose 0 = o*h - 8*h - 56. Calculate the highest common factor of h and 2.
2
Let h = -8 - -18. Suppose -4*a - 22 = h. Let b be (-11)/22*1*a. What is the greatest common divisor of b and 28?
4
Let i be 9*6/9 - (-1 + 3). Suppose -54 = -2*w - i*c + 8, -4*w - c + 89 = 0. What is the greatest common factor of w and 168?
21
Suppose -3*m + 5*u + 4 = 0, -5*m + 3 = -5*u - 7. Let y = 160 - 121. Calculate the greatest common factor of y and m.
3
Suppose -a - 33 = -4*a + 3*y, -4*a - 5*y = -26. Let w be a/(-15) - (-72)/(-5). Let v be 8/20 + (-1809)/w. Calculate the highest common divisor of 11 and v.
11
Let j = -19 - -21. Let d be (-30877)/(-44) + j/8. Suppose -d = -5*n - 2*y, -3*n + 8 = -3*y - 409. Calculate the highest common factor of 20 and n.
20
Let p be (-2)/(-3) + 742/21. Suppose -105 = 3*r - 3*i - 24, 93 = -4*r - i. Let b = p - r. What is the highest common factor of 90 and b?
30
Let b = -33 + 17. Let v be 11*-16*32/b. Calculate the greatest common divisor of v and 32.
32
Suppose 2*k + 2*m - 655 = 79, k + 5*m - 379 = 0. Calculate the greatest common factor of 273 and k.
91
Let c = 799 - 767. What is the greatest common factor of 80 and c?
16
Let l be (1*3)/(36/(-96)). Let w be 49/8 - (-1)/l. Suppose 91 = 5*x + 4*q - 0*q, -5*q = -4*x + 40. What is the greatest common divisor of w and x?
3
Suppose 5*p + 2*l = 3 + 8, 0 = -4*l + 12. What is the greatest common factor of p and 9?
1
Let b = -77 - -167. Let o = -471 - -606. Calculate the greatest common divisor of b and o.
45
Suppose 6*j - 216 = 2*j. Let y(v) = v**2 - 11*v - 24. Let d be y(-4). What is the highest common divisor of j and d?
18
Suppose 565*d - 558*d - 553 = 0. Calculate the greatest common divisor of 79 and d.
79
Suppose 117 = 18*o - 9*o. Calculate the greatest common divisor of o and 2015.
13
Let j = 241 + -109. Calculate the highest common factor of 176 and j.
44
Let n(u) = u**2 + 5*u - 12. Let z be n(-7). Calculate the greatest common factor of 21 and z.
1
Let l be (-11316)/(-574) + -1*(-4)/14. Calculate the highest common divisor of l and 25.
5
Let y(d) = 74*d**2 - 2*d - 52. Let w be y(5). What is the greatest common divisor of w and 12?
12
Suppose -3*m + 8*m - 105 = 0. Let k be 2/8 - (-13653)/12. Let o be (-4)/6 + k/6. Calculate the greatest common divisor of o and m.
21
Suppose -128 = r + 5*v - 27, 0 = r + v + 89. Let k = 124 + r. Let i = 42 + k. What is the greatest common divisor of i and 10?
10
Let w(k) = -2*k**2 + 3*k - 7. Let g be w(3). Let b(j) = -2*j**2 - 33*j - 9. Let l be b(g). What is the highest common factor of l and 28?
7
Suppose 5*x + 3*u - 146 = 93, 5*x = 3*u + 221. Calculate the greatest common factor of 207 and x.
23
Let l(o) = o + 40. Let g be l(-8). What is the highest common divisor of g and 3424?
32
Let d be (41 + -2)*8/6. Suppose -2*g = -5*g + 156. Suppose 0*y - 2*y = -g. What is the greatest common factor of d and y?
26
Suppose -1230 = -3*g + 4*r + 2076, -1102 = -g - 3*r. What is the greatest common factor of g and 58?
58
Suppose -2*b - 13 = -3*b. Suppose -5*p - x = -p - b, 2*x - 2 = 0. Suppose p*h + 2*g - 44 = 22, 0 = h + 2*g - 22. What is the highest common divisor of 11 and h?
11
Suppose -1766 + 248 = -23*x. Calculate the greatest common divisor of 627 and x.
33
Suppose -11 + 39 = w. Suppose 0*q + q = -42. Let u be ((-4)/(-3))/((-4)/q). Calculate the greatest common factor of u and w.
14
Suppose -9 = -19*s + 29. Calculate the highest common factor of 94 and s.
2
Suppose -18*o + 15 = -23*o, 3*q - o = 60. Calculate the highest common divisor of 6707 and q.
19
Let u(v) be the second derivative of -v**4/12 - v**3 + 15*v**2/2 + 28*v. Let d be u(-7). Calculate the highest common divisor of d and 48.
8
Let o be 0 - (9 + -35 - 4). What is the greatest common factor of 70 and o?
10
Let r(k) = 8*k - 2. Let q be r(2). Suppose -5*j - 2 = -17. Suppose 4*g - 277 =